. Let o = y - 74. What are the prime factors of o?
2, 3
Let s(n) be the second derivative of -n**5/60 + 5*n**4/12 + n**3 + 2*n**2 - 10*n. Let v(q) be the first derivative of s(q). What are the prime factors of v(5)?
31
Let u be ((-5)/(-2))/(5/10). Suppose -3*p - 1 = -5*a + 2, 3*p + u*a = 27. Suppose 2*o - 4*f - 148 = 0, 2*o + o + p*f = 242. List the prime factors of o.
2, 3, 13
Suppose -4*b - 15 + 831 = 0. Suppose b = 4*u - 60. List the prime factors of u.
2, 3, 11
Suppose -3*r = -5*f - 16, -4*r + 2*f = -0*f - 12. Suppose 1 = 4*p + r*s - 51, -4*p - s = -54. Let m = -8 + p. What are the prime factors of m?
2, 3
Let m = -3 + 6. Suppose -2*x - m*z = -54, -x = -0*z - 2*z - 20. Let l = 4 + x. List the prime factors of l.
2, 7
Let f be 15/5 + -1*6 + 0. List the prime factors of -21*(-2)/7*(-7)/f.
2, 7
Let y(l) = 27*l + 67. What are the prime factors of y(52)?
1471
Let t(v) = v + 8. Let l be t(-6). Suppose -x - 7 = -l. List the prime factors of (-20)/x - 1/(-1).
5
Suppose 16 = -3*o + 1. Let d(h) = 6*h**2 - 5*h - 2. What are the prime factors of d(o)?
173
Let b(x) = 23*x**2 + 1. Let y be b(-2). Let v = 264 - y. List the prime factors of v.
3, 19
Suppose 32 = -3*n + 2. Let m(c) = -c - 8. Let v be m(n). Suppose k = v*t + 47, 0 = 3*k + t + 2*t - 105. What are the prime factors of k?
3, 13
Let p be (52/130)/(((-1)/90)/(-1)). Let v = p + -28. List the prime factors of v.
2
Let l(r) = 5*r + 2. Suppose -3*w = -2*w + 6. Let k = w - -11. What are the prime factors of l(k)?
3
Let r(q) = -44*q - 68. List the prime factors of r(-8).
2, 71
Suppose 2*i = 4*f - 6, 0 = f + 2*i + 3*i - 18. Suppose 0*p - z - 1528 = -5*p, -2*p + f*z = -619. List the prime factors of p.
5, 61
Let s(z) = -71*z - 8. List the prime factors of s(-20).
2, 353
Suppose -4*d - 102 = -f, 8*f = 5*f - 5*d + 340. Let i(p) = 35*p**3 - 1. Let q be i(-1). Let c = q + f. List the prime factors of c.
2, 37
Let f = 5461 + -2684. What are the prime factors of f?
2777
Let h(c) = c**3 + c**2 - 2*c + 22. Let x be h(6). Let g = -176 + x. List the prime factors of g.
2, 43
Suppose -2*y + 5*s + 1074 + 1235 = 0, -2*s + 2330 = 2*y. What are the prime factors of y?
2, 7, 83
Let h be -4 - -7 - (-22 + 1). Suppose n = 4*c + 14, 2*c + h = 2*n - 2*c. List the prime factors of n.
2, 5
List the prime factors of 113712/30 - 32/80.
2, 5, 379
List the prime factors of ((-11578)/35)/(4/(-30)) - -4.
5, 7, 71
Suppose 6*n - 195 = 11*n. Let o = 66 + n. List the prime factors of o.
3
Let i = 393 + 763. List the prime factors of i.
2, 17
Let j(c) = -9*c - c**2 - 10*c**2 + 2*c**2 + c**3 + 3. Let y be (-2)/1 + (-60)/(-5)*1. What are the prime factors of j(y)?
13
Let k be (-1 - 15/(-25))*-80. Suppose -w = 7*w - k. What are the prime factors of w?
2
Suppose 0*i + 3*i - 30 = 0. Suppose 0 = -14*t + i*t + 172. What are the prime factors of t?
43
Let i be 12/(-42) - (-4)/14. Let r(m) = -m**2. Let c be r(i). Suppose 3*t - 49 - 53 = c. List the prime factors of t.
2, 17
Suppose 0 = -3*p - 12, 0 = -3*k - 3*p - 6. Suppose q - 32 = -3*q. Suppose 0 = 3*x + 5*a - 7*a - q, k*a = x + 4. What are the prime factors of x?
2, 3
Let r = 2832 - 137. List the prime factors of r.
5, 7, 11
Suppose 0 = 6*z - 4*z - 582. List the prime factors of z.
3, 97
Let u = -47 + 67. Let d = u + 13. What are the prime factors of d?
3, 11
Let w(l) = -l**3 - 7*l**2 + 18*l + 11. Let p be w(-8). Let u = 177 + p. What are the prime factors of u?
2, 3
Let t be 112/18 + (-8)/36. Let i be 3 - (t/(-2) + -9). Suppose 2*h - 3*h = -i. What are the prime factors of h?
3, 5
Suppose 0 = 10*t - 11343 + 1773. Suppose -6*m + 17*m = t. What are the prime factors of m?
3, 29
Let i(a) = 1. Let l(z) = 30*z + 3. Let p(u) = 2*i(u) - l(u). Let h(y) = -y**2 + 4*y + 4. Let t be h(5). List the prime factors of p(t).
29
Let u(i) = -i**2 + 24*i - 1. List the prime factors of u(21).
2, 31
Let y(a) = 8*a**2 + 5*a - 7. Suppose 27 = 5*c + 3*v, 2*v + v = -3*c + 21. What are the prime factors of y(c)?
2, 5
Suppose -12*y + 1 = -11. List the prime factors of (0 + 14)*(-7)/(-2)*y.
7
Let g = 833 - 266. What are the prime factors of g?
3, 7
Suppose 4*p = 7640 + 68. What are the prime factors of p?
41, 47
Let p = -562 + 1286. List the prime factors of p.
2, 181
Let u = -504 + 591. What are the prime factors of u?
3, 29
Suppose -6*o + 34 + 8 = 0. Suppose o*p - 2*p = 30. List the prime factors of p.
2, 3
Suppose 10*p - 9172 - 2078 = 0. What are the prime factors of p?
3, 5
Let j(t) = t**2 - 4*t + 17. Let o(v) = 4*v - 11. Let u be o(5). List the prime factors of j(u).
2, 31
Let a(o) = o**3 + o**2 + 97. Let s be a(0). Let r = s - 53. List the prime factors of r.
2, 11
Let w(a) = 21*a**2 - 5*a - 8. What are the prime factors of w(-5)?
2, 271
Let d be (1/(-4))/(1/(-28)). Suppose d*a = 5*a + 16. Let x = a + 6. List the prime factors of x.
2, 7
Let v(u) = 30*u**2 + 37*u - 3. What are the prime factors of v(-5)?
2, 281
Suppose -5*k + 5*a = -435, 2*k - 177 = 5*a - 4*a. Let r = 328 - k. What are the prime factors of r?
2, 7, 17
Let o be (-18)/(-4)*4/6. Suppose 3*g - 2*g = -o*z + 280, z = 4*g + 102. List the prime factors of z.
2, 47
Let d(h) = -69*h - 2. Suppose 1 = -4*w + 3*w. List the prime factors of d(w).
67
Let h(w) = 6 + 0*w**2 + w**3 + 4 - 6 - 3*w**2. What are the prime factors of h(4)?
2, 5
Let c(x) = x**3 - 3*x**2 - 5*x + 4. Let o be c(4). Suppose -8*n + 9*n + 931 = o. List the prime factors of 6/8 - n/28.
2, 17
Let s = -3620 + 6200. What are the prime factors of s?
2, 3, 5, 43
Let t(r) = -2*r**3 - 17*r**2 + 19*r - 16. Let j be t(-14). Suppose -546 = 8*f - j. What are the prime factors of f?
2, 83
Let a(f) = 5*f**2 + 104*f - 129. Let s(b) = -b**2 - 21*b + 26. Let i(u) = 2*a(u) + 11*s(u). What are the prime factors of i(-19)?
2, 13
Let k = 79 - 77. Suppose 3*r + 339 = k*m - 2*r, -4*m - 2*r + 666 = 0. List the prime factors of m.
167
Let b(z) = 22*z - 20. Let a be b(-6). What are the prime factors of (-3 - (a - 0)) + 2?
151
Suppose -449 = -4*v - v + 4*m, -4*m + 388 = 4*v. Let a = v - 50. Suppose 4*i = -5*b + 32 + a, -5*i = -5*b - 105. List the prime factors of i.
2, 5
Suppose 3*i - 8 + 0 = 2*z, 3*z + 12 = -5*i. What are the prime factors of z/(-2)*1377/18?
3, 17
Let o(w) = 3*w**2 + 4*w - 17. What are the prime factors of o(5)?
2, 3, 13
Let p(y) be the second derivative of y**4/12 + 3*y**3 + 79*y**2/2 - 36*y. What are the prime factors of p(-24)?
223
What are the prime factors of (-25)/(-30) + (-208913)/(-102)?
3, 683
Let v(b) = -b**3 - 5*b**2 - 6*b - 4. Let h be v(-4). Suppose -5 = -h*j + 3. Suppose j = -m - 2, -5*p + 3*m = -112. What are the prime factors of p?
2, 5
Let d = -31 + 31. Let k(h) = h**2 + h + 11. List the prime factors of k(d).
11
Suppose 4*v - 3 = -2*y + 5*y, 0 = 5*v + 3*y - 24. Let l be (5 - 2)/v - -1. List the prime factors of 23 + (-5 - l/(-1)).
2, 5
List the prime factors of 9 + -3 - 573/(-1).
3, 193
Let f(x) = 327*x**3 - 4*x + x + 3*x**2 - 315*x**3. List the prime factors of f(2).
2, 3, 17
Let z be (5 - (6 - 3)) + -2. Suppose 0*w - w - 13 = -2*c, 4*w + 12 = z. List the prime factors of c.
5
Let p(q) = q**3 - 10*q**2 + 3*q - 6. Suppose 10 = a + 5*z, -2*a + 3*z + 20 = z. Let m be p(a). Suppose -5*i + 6*i = m. What are the prime factors of i?
2, 3
Let v(i) = -i**3 - 22*i**2 - 68*i - 69. What are the prime factors of v(-20)?
491
Suppose -2*h - r + 841 = -0*r, 0 = -5*h + r + 2099. Suppose -3*l - 86 = -g, -9*g + h = -4*g - 5*l. What are the prime factors of g?
83
Suppose -4 = 3*u - 13. Suppose 0 = 5*q - u*q - 4. Suppose j + 11 = q*j. What are the prime factors of j?
11
Let z = -221 + 355. List the prime factors of z.
2, 67
Suppose 5*w - 1147 = 4*x, -4*x - 7 = -15. Let d = 324 - w. Suppose -6*k = -d + 3. List the prime factors of k.
3, 5
Let c be (4/(-5))/((-2)/(-25)). Let d = 14 + c. Suppose -b - 45 = -d*b. List the prime factors of b.
3, 5
Suppose 375*b - 381*b + 5106 = 0. What are the prime factors of b?
23, 37
Suppose -5*b + 3*x - 91 = -10*b, 0 = -b + 3*x + 11. Suppose -4*i = 2*y + 24 - 58, -5*i - 2*y = -40. Let t = b + i. What are the prime factors of t?
23
Let c(h) = 11*h + 19 + 3*h**2 - 27*h - 1 + 10*h. List the prime factors of c(6).
2, 3, 5
Suppose -3*a = -4*z + 5102, 2556 = 3*z - z - 4*a. What are the prime factors of z?
2, 7, 13
Suppose 2*b = 3*g - 45 + 17, b + 35 = 5*g. Let i = -3 + g. 